NOAA-Style Climate Reports


Report for 2017 November
                   Monthly Climatological Summary for Nov 2017

Name: Bismarckweather.net   City: Bismarck   State: ND
Elevation: 1913 ft  Lat: N 46 54 06   Lon: W 100 47 03

                  Temperature (°F), Rain (in), Wind Speed (mph)

                                      Heat  Cool        Avg
    Mean                              Deg   Deg         Wind                 Dom
Day Temp  High   Time   Low    Time   Days  Days  Rain  Speed High   Time    Dir
----------------------------------------------------------------------------------
01  33.7  37.8   16:06  30.2   08:34  31.3   0.0  0.03   1.4  14.0   23:57   ESE
02  30.6  34.0   00:00  26.3   22:56  34.4   0.0  0.00   5.8  16.0   03:19   NNE
03  25.5  28.1   00:09  23.1   08:24  39.5   0.0  0.00  10.6  26.0   21:23   ESE
04  28.7  33.0   14:54  21.2   23:32  36.3   0.0  0.16   8.2  22.0   20:55     E
05  18.7  22.0   14:59  14.5   18:56  48.2   0.0  0.00   5.8  25.0   05:47     E
06  18.6  22.9   12:47  13.1   23:58  46.4   0.0  0.00   2.4  15.0   14:26     N
07  19.0  32.6   15:11   7.4   06:10  46.0   0.0  0.00   3.3  18.0   12:46   WSW
08  15.3  22.0   14:42   5.0   23:14  49.7   0.0  0.00   2.5  13.0   17:55     N
09  12.5  17.8   12:44   6.3   08:11  52.5   0.0  0.00   3.3  14.0   22:33   ESE
10  23.6  33.5   15:27  15.3   00:00  41.4   0.0  0.00   7.0  35.0   10:11   SSE
11  25.0  32.4   15:12  17.4   07:54  40.0   0.0  0.01   2.9  13.0   10:23   NNW
12  31.3  43.5   15:18  20.9   00:00  33.7   0.0  0.00   3.4  13.0   17:40   ESE
13  37.0  51.3   15:26  28.1   08:30  28.0   0.0  0.00   4.2  13.0   00:24   ESE
14  39.1  52.0   12:58  26.6   23:56  25.9   0.0  0.00   7.5  27.0   23:34   NNW
15  19.9  27.5   01:24  13.8   20:53  45.1   0.0  0.00   9.1  31.0   02:30   NNW
16  26.4  36.3   20:20  16.1   00:45  38.6   0.0  0.00   8.1  32.0   12:01    SE
17  30.4  37.4   04:54  24.2   20:43  34.6   0.0  0.00   3.0  13.0   06:58   NNW
18  21.8  30.0   15:56  15.1   06:40  43.2   0.0  0.00   6.2  22.0   10:22    NW
19  32.5  45.3   14:33  20.8   00:26  32.5   0.0  0.00   4.1  14.0   11:38    SW
20  37.5  55.4   12:52  13.0   23:58  27.5   0.0  0.01  13.2  46.0   14:56   WNW
21  11.3  16.7   15:36   7.7   22:01  53.7   0.0  0.00   7.0  30.0   02:49    NW
----------------------------------------------------------------------------------
    25.6  55.4    20     5.0     8   828.5   0.0  0.21   5.7  46.0    20     NNE

Max >=  80.0  0
Max <=  32.0  8
Min <=  32.0 21
Min <=   0.0  0
Max Rain: 0.16 on day 4
Days of Rain: 4 (>= 0.01 in)  1 (>= 0.10 in)  0 (>= 1.00 in)
Heat Base: 65.0  Cool Base: 65.0  Method: Integration