NOAA-Style Climate Reports


Report for 2017 September
                   Monthly Climatological Summary for Sep 2017

Name: Bismarckweather.net   City: Bismarck   State: ND
Elevation: 1913 ft  Lat: N 46 54 06   Lon: W 100 47 03

                  Temperature (°F), Rain (in), Wind Speed (mph)

                                      Heat  Cool        Avg
    Mean                              Deg   Deg         Wind                 Dom
Day Temp  High   Time   Low    Time   Days  Days  Rain  Speed High   Time    Dir
----------------------------------------------------------------------------------
01  71.4  81.3   15:36  61.9   23:49   0.2   6.6  0.01   8.4  28.0   00:51   SSW
02  68.1  83.9   16:42  51.2   08:06   3.5   6.7  0.00   3.4  18.0   15:23   WSW
03  71.8  91.6   15:18  58.1   07:05   1.1   7.9  0.00   6.3  31.0   15:55    NW
04  62.6  71.6   16:07  51.3   23:56   3.7   1.2  0.00  11.7  42.0   13:09    NW
05  55.6  67.7   16:04  43.8   04:23   9.7   0.3  0.00   7.0  29.0   12:05    NW
06  60.0  75.2   17:01  45.8   06:10   7.8   2.8  0.00   1.9  17.0   16:08     W
07  66.4  85.6   17:46  49.6   08:04   4.7   6.2  0.00   3.5  20.0   21:30     N
08  61.2  74.5   16:15  50.3   07:04   5.8   2.0  0.00   8.7  21.0   15:26     E
09  67.9  86.2   15:48  55.1   02:32   3.3   6.3  0.00  10.6  25.0   14:55   ESE
10  70.5  87.7   17:00  56.2   07:25   2.2   7.6  0.00   7.3  19.0   18:17    SE
11  69.2  83.2   16:49  55.1   07:42   2.0   6.2  0.00   5.6  17.0   15:52   ESE
12  75.4  94.1   17:20  60.0   07:21   0.7  11.1  0.00   3.2  15.0   21:06   SSE
13  65.7  80.4   17:45  49.2   07:07   3.7   4.4  0.00   3.6  24.0   22:22   NNE
14  62.7  72.6   14:33  55.8   23:56   3.4   1.2  0.33   6.3  22.0   15:57   NNE
15  49.5  55.8   00:00  46.0   23:21  15.5   0.0  0.53  11.4  30.0   11:50   NNE
16  46.6  50.8   13:23  44.8   23:56  18.4   0.0  0.03   8.7  20.0   04:04    NW
17  49.3  62.3   16:59  35.6   07:50  15.7   0.0  0.00   5.6  18.0   01:14   SSW
18  57.5  73.1   17:59  45.5   07:15   8.7   1.2  0.00   3.9  15.0   23:01     E
19  61.6  73.2   15:21  52.5   23:58   4.6   1.1  0.03  12.1  30.0   10:12    SE
----------------------------------------------------------------------------------
    62.8  94.1    12    35.6    17   114.7  72.8  0.93   6.8  42.0     4     ENE

Max >=  80.0  9
Max <=  32.0  0
Min <=  32.0  0
Min <=   0.0  0
Max Rain: 0.53 on day 15
Days of Rain: 5 (>= 0.01 in)  2 (>= 0.10 in)  0 (>= 1.00 in)
Heat Base: 65.0  Cool Base: 65.0  Method: Integration