NOAA-Style Climate Reports
Select a Year or Month report
2024: Jan Feb Mar Apr May Jun Jul Aug Sep Oct Nov Dec
2023: Jan Feb Mar Apr May Jun Jul Aug Sep Oct Nov Dec
2022: Jan Feb Mar Apr May Jun Jul Aug Sep Oct Nov Dec
2021: Jan Feb Mar Apr May Jun Jul Aug Sep Oct Nov Dec
2020: Jan Feb Mar Apr May Jun Jul Aug Sep Oct Nov Dec
2019: Jan Feb Mar Apr May Jun Jul Aug Sep Oct Nov Dec
2018: Jan Feb Mar Apr May Jun Jul Aug Sep Oct Nov Dec
2017: Jan Feb Mar Apr May Jun Jul Aug Sep Oct Nov Dec
2016: Jan Feb Mar Apr May Jun Jul Aug Sep Oct Nov Dec
2015: Jan Feb Mar Apr May Jun Jul Aug Sep Oct Nov Dec
2014: Jan Feb Mar Apr May Jun Jul Aug Sep Oct Nov Dec
2013: Jan Feb Mar Apr May Jun Jul Aug Sep Oct Nov Dec
2012: Jan Feb Mar Apr May Jun Jul Aug Sep Oct Nov Dec
2011: Jan Feb Mar Apr May Jun Jul Aug Sep Oct Nov Dec
2010: Jan Feb Mar Apr May Jun Jul Aug Sep Oct Nov Dec
2009: Jan Feb Mar Apr May Jun Jul Aug Sep Oct Nov Dec
2008: Jan Feb Mar Apr May Jun Jul Aug Sep Oct Nov Dec
2007: Jan Feb Mar Apr May Jun Jul Aug Sep Oct Nov Dec
2006: Jan Feb Mar Apr May Jun Jul Aug Sep Oct Nov Dec
2005: Jan Feb Mar Apr May Jun Jul Aug Sep Oct Nov Dec
2004: Jan Feb Mar Apr May Jun Jul Aug Sep Oct Nov Dec
2024: Jan Feb Mar Apr May Jun Jul Aug Sep Oct Nov Dec
2023: Jan Feb Mar Apr May Jun Jul Aug Sep Oct Nov Dec
2022: Jan Feb Mar Apr May Jun Jul Aug Sep Oct Nov Dec
2021: Jan Feb Mar Apr May Jun Jul Aug Sep Oct Nov Dec
2020: Jan Feb Mar Apr May Jun Jul Aug Sep Oct Nov Dec
2019: Jan Feb Mar Apr May Jun Jul Aug Sep Oct Nov Dec
2018: Jan Feb Mar Apr May Jun Jul Aug Sep Oct Nov Dec
2017: Jan Feb Mar Apr May Jun Jul Aug Sep Oct Nov Dec
2016: Jan Feb Mar Apr May Jun Jul Aug Sep Oct Nov Dec
2015: Jan Feb Mar Apr May Jun Jul Aug Sep Oct Nov Dec
2014: Jan Feb Mar Apr May Jun Jul Aug Sep Oct Nov Dec
2013: Jan Feb Mar Apr May Jun Jul Aug Sep Oct Nov Dec
2012: Jan Feb Mar Apr May Jun Jul Aug Sep Oct Nov Dec
2011: Jan Feb Mar Apr May Jun Jul Aug Sep Oct Nov Dec
2010: Jan Feb Mar Apr May Jun Jul Aug Sep Oct Nov Dec
2009: Jan Feb Mar Apr May Jun Jul Aug Sep Oct Nov Dec
2008: Jan Feb Mar Apr May Jun Jul Aug Sep Oct Nov Dec
2007: Jan Feb Mar Apr May Jun Jul Aug Sep Oct Nov Dec
2006: Jan Feb Mar Apr May Jun Jul Aug Sep Oct Nov Dec
2005: Jan Feb Mar Apr May Jun Jul Aug Sep Oct Nov Dec
2004: Jan Feb Mar Apr May Jun Jul Aug Sep Oct Nov Dec
Report for 2024 March
Monthly Climatological Summary for Mar 2024 Name: Bismarckweather.net City: Bismarck State: ND Elevation: 1913 ft Lat: N 46° 54' 05" Lon: W 100° 47' 02" Temperature (°F), Rain (in), Wind Speed (mph) Heat Cool Avg Mean Deg Deg Wind Dom Day Temp High Time Low Time Days Days Rain Speed High Time Dir ---------------------------------------------------------------------------------- 01 38.7 52.5 14:00 28.6 07:45 26.3 0.0 0.00 7.1 30.0 09:55 N 02 29.1 34.3 13:35 25.3 22:02 35.9 0.0 0.15 11.3 34.0 16:42 ENE 03 24.6 29.8 11:58 13.9 23:58 40.4 0.0 0.00 16.3 40.0 15:48 W 04 13.9 23.0 16:21 6.4 07:30 51.1 0.0 0.00 9.7 34.0 00:00 W 05 15.8 21.0 14:59 11.2 00:02 49.2 0.0 0.00 9.0 24.0 22:30 ENE 06 19.8 25.1 11:50 13.5 23:49 45.2 0.0 0.00 11.0 28.0 12:48 NW 07 14.7 24.1 16:02 5.9 07:20 50.3 0.0 0.00 8.2 20.0 12:33 WNW 08 22.5 37.0 16:03 8.3 05:08 42.5 0.0 0.00 5.7 19.0 14:59 W 09 32.8 48.6 15:20 16.6 05:19 32.2 0.0 0.00 6.6 19.0 13:52 SE 10 41.2 58.3 16:27 27.5 08:15 22.8 0.0 0.00 6.7 16.0 00:35 SSE 11 44.2 58.7 14:00 35.1 08:48 20.8 0.0 0.00 7.1 23.0 14:18 N 12 43.9 57.5 16:43 31.1 06:26 21.1 0.0 0.00 5.3 20.0 21:53 E 13 44.6 56.6 15:24 33.8 07:29 20.4 0.0 0.00 6.3 20.0 00:50 ENE 14 34.2 38.9 15:29 30.8 07:25 30.9 0.0 0.00 7.9 24.0 16:18 NW 15 40.1 57.1 15:28 25.3 06:25 24.9 0.0 0.00 12.4 44.0 15:35 W 16 34.5 42.0 16:44 26.6 23:58 30.5 0.0 0.00 16.4 37.0 16:17 NW 17 21.1 26.6 00:00 15.1 23:59 43.9 0.0 0.00 12.6 29.0 04:39 NNW ---------------------------------------------------------------------------------- 30.3 58.7 11 5.9 7 588.4 0.0 0.15 9.4 44.0 15 NW Max >= 80.0 0 Max <= 32.0 6 Min <= 32.0 15 Min <= 0.0 0 Max Rain: 0.15 on day 2 Days of Rain: 1 (>= 0.01 in) 1 (>= 0.10 in) 0 (>= 1.00 in) Heat Base: 65.0 Cool Base: 65.0 Method: Integration