NOAA-Style Climate Reports


Report for 2018 June
                   Monthly Climatological Summary for Jun 2018

Name: Bismarckweather.net   City: Bismarck   State: ND
Elevation: 1913 ft  Lat: N 46 54 06   Lon: W 100 47 03

                  Temperature (°F), Rain (in), Wind Speed (mph)

                                      Heat  Cool        Avg
    Mean                              Deg   Deg         Wind                 Dom
Day Temp  High   Time   Low    Time   Days  Days  Rain  Speed High   Time    Dir
----------------------------------------------------------------------------------
01  68.4  80.4   15:26  60.0   23:49   0.6   4.0  0.26  18.4  52.0   18:08     E
02  59.2  69.3   18:16  50.7   09:17   6.4   0.5  0.13  18.4  47.0   13:57     W
03  63.3  79.3   19:25  44.6   05:48   6.3   4.6  0.00   6.6  22.0   13:27     W
04  72.3  87.5   18:24  55.3   05:58   2.0   9.3  0.00   6.3  24.0   23:03   ESE
05  73.4  91.0   17:57  60.1   05:11   0.8   9.3  0.08  10.8  40.0   21:50    NE
06  67.9  80.3   16:30  55.4   07:02   2.1   5.0  0.00   6.9  20.0   09:55   NNE
07  66.0  75.7   14:26  57.3   04:47   2.2   3.2  0.03   9.4  28.0   18:42   ESE
08  74.6  87.1   18:03  63.5   06:06   0.2   9.7  0.02   8.4  24.0   03:14   SSW
09  79.3  91.9   16:09  64.9   05:30   0.0  14.3  0.00   6.6  24.0   16:45   SSE
10  76.9  91.1   16:57  62.8   22:39   0.1  12.0  0.38  15.8  42.0   14:36    SE
11  65.4  75.1   18:07  55.5   06:11   2.4   2.9  0.33   6.9  43.0   01:10    NW
12  61.8  72.5   18:19  50.7   05:24   5.1   1.9  0.38  10.1  30.0   18:03   WSW
13  65.3  80.3   14:59  49.7   05:27   4.3   4.7  0.00   8.8  28.0   15:41   SSE
14  72.6  91.8   21:39  55.4   06:19   2.5  10.1  0.00  12.2  53.0   21:12    SE
15  72.0  82.4   16:07  62.6   06:46   0.2   7.2  0.00  11.2  30.0   00:25   NNW
16  62.2  68.4   11:14  58.0   06:18   3.1   0.3  0.46  11.0  35.0   12:53   NNE
17  63.9  72.6   12:57  57.4   03:44   2.8   1.7  0.00   8.6  22.0   01:50     N
----------------------------------------------------------------------------------
    68.5  91.9     9    44.6     3    41.1 100.7  2.07  10.4  53.0    14       E

Max >=  80.0 10
Max <=  32.0  0
Min <=  32.0  0
Min <=   0.0  0
Max Rain: 0.46 on day 16
Days of Rain: 9 (>= 0.01 in)  6 (>= 0.10 in)  0 (>= 1.00 in)
Heat Base: 65.0  Cool Base: 65.0  Method: Integration