NOAA-Style Climate Reports


Report for 2024 June
                   Monthly Climatological Summary for Jun 2024

Name: Bismarckweather.net   City: Bismarck   State: ND
Elevation: 1913 ft  Lat: N 46° 54' 05"   Lon: W 100° 47' 02"

                  Temperature (°F), Rain (in), Wind Speed (mph)

                                      Heat  Cool        Avg
    Mean                              Deg   Deg         Wind                 Dom
Day Temp  High   Time   Low    Time   Days  Days  Rain  Speed High   Time    Dir
----------------------------------------------------------------------------------
01  61.0  73.8   19:19  45.8   06:46   6.0   2.0  0.00   6.4  28.0   00:23   WSW
02  65.7  78.0   14:13  54.7   05:23   3.3   4.0  0.09   8.2  35.0   22:59     E
03  65.5  80.7   17:11  51.0   06:31   4.5   5.0  0.34   7.5  30.0   19:15   ESE
04  62.4  71.7   19:14  56.8   10:28   3.7   1.2  0.08  11.1  38.0   02:40     W
05  62.7  71.9   17:32  52.5   06:11   4.1   1.8  0.00  16.5  51.0   14:30     W
06  61.5  72.6   16:46  48.7   05:56   5.6   2.0  0.00  15.4  42.0   14:21   WNW
07  61.5  75.7   13:53  47.3   06:15   6.4   2.9  0.00   4.5  31.0   16:13    NE
08  61.1  75.3   16:40  44.2   06:36   6.7   2.7  0.00   5.5  21.0   13:50   WNW
09  63.7  76.0   16:50  47.9   05:45   4.3   3.0  0.00   4.5  15.0   16:55   NNE
10  59.4  72.3   15:42  50.7   04:32   6.1   0.5  0.39   8.8  29.0   15:47    SE
11  67.4  81.2   20:05  51.8   05:03   3.5   5.9  0.01   9.2  33.0   10:41     W
12  72.9  83.9   15:43  61.4   04:47   0.5   8.4  0.00   9.4  32.0   15:47     W
13  65.2  76.0   16:41  48.8   06:07   4.1   4.4  0.00   8.4  36.0   14:13   WNW
14  68.6  83.4   15:04  52.6   04:17   3.3   6.9  0.00   8.1  38.0   17:54    SE
15  74.2  87.7   17:21  63.3   05:51   0.2   9.4  0.00   9.1  43.0   23:12   SSE
16  64.8  75.7   00:12  54.1   23:59   2.6   2.4  0.31  13.7  46.0   01:56     W
17  59.5  72.5   15:09  48.6   05:11   6.6   1.1  0.54   8.2  30.0   23:45     E
18  52.3  55.5   17:15  48.0   23:59  12.7   0.0  0.52   9.9  34.0   00:25     N
19  56.4  67.7   16:20  43.4   06:33   9.0   0.3  0.00   4.9  19.0   00:00     S
----------------------------------------------------------------------------------
    63.5  87.7    15    43.4    19    93.3  64.0  2.28   8.9  51.0     5       W

Max >=  80.0  5
Max <=  32.0  0
Min <=  32.0  0
Min <=   0.0  0
Max Rain: 0.54 on day 17
Days of Rain: 8 (>= 0.01 in)  5 (>= 0.10 in)  0 (>= 1.00 in)
Heat Base: 65.0  Cool Base: 65.0  Method: Integration