NOAA-Style Climate Reports


Report for 2019 October
                   Monthly Climatological Summary for Oct 2019

Name: Bismarckweather.net   City: Bismarck   State: ND
Elevation: 1913 ft  Lat: N 46 54 06   Lon: W 100 47 03

                  Temperature (°F), Rain (in), Wind Speed (mph)

                                      Heat  Cool        Avg
    Mean                              Deg   Deg         Wind                 Dom
Day Temp  High   Time   Low    Time   Days  Days  Rain  Speed High   Time    Dir
----------------------------------------------------------------------------------
01  40.5  43.2   15:45  38.7   23:17  24.5   0.0  0.00   7.1  20.0   00:49   NNW
02  37.4  40.1   14:02  32.3   23:32  27.6   0.0  0.22   4.6  16.0   06:46    NE
03  37.7  43.3   16:51  32.5   00:00  27.3   0.0  0.02   4.2  18.0   23:51   SSE
04  43.9  52.4   13:38  36.0   03:27  21.1   0.0  0.01  15.4  36.0   13:41    SE
05  48.0  57.2   16:56  44.9   21:08  17.0   0.0  0.46  12.4  39.0   16:01     W
06  50.2  61.2   15:41  42.7   02:05  14.8   0.0  0.00  14.2  41.0   16:33     W
07  52.0  67.7   16:27  35.9   07:39  13.2   0.3  0.00   7.3  27.0   16:56     S
08  57.5  76.0   17:02  42.7   06:57   9.5   2.0  0.00   6.6  16.0   01:02    SE
09  38.9  54.8   00:00  30.7   23:53  26.1   0.0  0.04  14.4  29.0   03:41   NNW
10  29.2  31.2   17:43  26.9   22:51  35.8   0.0  0.00  15.5  40.0   18:11    NW
11  30.1  35.3   16:04  25.7   09:00  35.0   0.0  0.44  21.5  45.0   19:14   WNW
12  29.9  31.5   00:00  28.5   08:19  35.1   0.0  0.38  17.3  39.0   06:19   WNW
13  33.0  39.2   17:37  29.2   02:34  32.0   0.0  0.38   7.8  22.0   00:37   WNW
14  35.2  47.2   15:31  23.4   08:14  29.8   0.0  0.02   5.5  28.0   23:38   ESE
----------------------------------------------------------------------------------
    40.3  76.0     8    23.4    14   348.8   2.3  1.97  11.0  45.0    11     WNW

Max >=  80.0  0
Max <=  32.0  2
Min <=  32.0  6
Min <=   0.0  0
Max Rain: 0.46 on day 5
Days of Rain: 9 (>= 0.01 in)  5 (>= 0.10 in)  0 (>= 1.00 in)
Heat Base: 65.0  Cool Base: 65.0  Method: Integration