NOAA-Style Climate Reports


Report for 2021 October
                   Monthly Climatological Summary for Oct 2021

Name: Bismarckweather.net   City: Bismarck   State: ND
Elevation: 1913 ft  Lat: N 46° 54' 06"   Lon: W 100° 47' 03"

                  Temperature (°F), Rain (in), Wind Speed (mph)

                                      Heat  Cool        Avg
    Mean                              Deg   Deg         Wind                 Dom
Day Temp  High   Time   Low    Time   Days  Days  Rain  Speed High   Time    Dir
----------------------------------------------------------------------------------
01  59.2  71.9   17:03  50.4   02:07   6.6   0.8  0.00   2.9  12.0   17:21     E
02  59.7  77.5   15:16  45.3   08:00   8.3   3.0  0.00   4.0  20.0   16:17    NW
03  62.7  84.1   17:38  45.3   08:19   7.3   5.0  0.00   4.4  21.0   14:23     S
04  65.7  85.2   15:37  46.0   06:22   5.1   5.8  0.00   4.4  15.0   16:42    SE
05  69.5  88.9   17:14  55.2   06:39   3.1   7.6  0.00  12.3  29.0   16:08    SE
06  67.8  82.8   14:21  54.9   08:02   2.2   5.0  0.00  13.0  35.0   17:47    SE
07  63.0  73.9   15:03  55.0   08:06   3.7   1.7  0.01   6.8  28.0   00:32   ESE
08  56.7  68.7   14:28  49.3   08:03   8.5   0.2  0.01   5.9  20.0   17:28     N
09  53.3  61.8   13:09  46.3   23:31  11.7   0.0  1.25  11.3  30.0   23:58   NNE
10  52.3  66.5   17:01  44.8   03:30  12.7   0.1  0.18  12.3  31.0   01:40    NW
11  49.2  57.1   15:30  43.6   07:03  15.8   0.0  0.00   9.1  27.0   10:54    NW
12  44.8  52.0   13:11  40.0   04:09  20.2   0.0  0.06   9.7  23.0   13:13   NNE
13  43.1  44.9   16:38  39.5   23:48  21.9   0.0  1.55  18.9  43.0   23:20     N
14  41.5  50.7   16:13  37.5   03:40  23.5   0.0  0.00  17.9  39.0   00:34     W
15  42.2  52.6   17:00  33.3   08:19  22.8   0.0  0.00  10.7  31.0   13:46   WNW
16  48.3  63.9   16:06  34.8   08:14  16.7   0.0  0.00   6.0  19.0   14:46     W
17  53.5  73.1   15:39  38.2   06:59  12.8   1.4  0.00   6.8  19.0   14:24    SE
18  55.5  70.3   17:46  42.7   08:04  10.2   0.7  0.00   6.5  17.0   05:14    SE
19  43.3  52.1   00:34  37.8   23:59  21.7   0.0  0.00  13.8  31.0   15:52     N
----------------------------------------------------------------------------------
    54.3  88.9     5    33.3    15   234.8  31.3  3.06   9.3  43.0    13       N

Max >=  80.0  4
Max <=  32.0  0
Min <=  32.0  0
Min <=   0.0  0
Max Rain: 1.55 on day 13
Days of Rain: 6 (>= 0.01 in)  3 (>= 0.10 in)  2 (>= 1.00 in)
Heat Base: 65.0  Cool Base: 65.0  Method: Integration