NOAA-Style Climate Reports


Report for 2019 August
                   Monthly Climatological Summary for Aug 2019

Name: Bismarckweather.net   City: Bismarck   State: ND
Elevation: 1913 ft  Lat: N 46 54 06   Lon: W 100 47 03

                  Temperature (°F), Rain (in), Wind Speed (mph)

                                      Heat  Cool        Avg
    Mean                              Deg   Deg         Wind                 Dom
Day Temp  High   Time   Low    Time   Days  Days  Rain  Speed High   Time    Dir
----------------------------------------------------------------------------------
01  71.5  80.9   13:31  63.4   06:35   0.1   6.6  0.11   7.5  22.0   19:31   ESE
02  74.3  86.3   15:43  62.7   04:34   0.1   9.5  0.00   5.3  16.0   13:37     E
03  71.6  83.4   16:11  63.3   05:38   0.2   6.8  0.00   7.4  21.0   18:16    SE
04  73.7  90.0   17:56  64.8   04:38   0.0   8.7  0.05   5.5  29.0   12:33   SSE
05  72.1  83.9   15:59  60.8   06:55   0.6   7.8  0.08   7.7  28.0   03:24   NNW
06  71.2  91.8   14:18  59.4   06:19   1.0   7.1  0.80   4.8  33.0   16:14     S
07  64.8  71.8   17:29  58.1   23:23   1.6   1.5  0.00   6.9  21.0   12:11    NW
08  64.6  79.0   17:46  47.2   07:00   5.1   4.7  0.00   3.2  13.0   12:48     E
09  66.1  74.6   17:39  59.3   02:58   1.6   2.7  0.07   8.1  26.0   10:10   ESE
10  69.4  80.1   19:28  59.6   03:30   1.4   5.8  0.00   4.0  14.0   16:25   ESE
11  67.2  72.4   11:05  63.2   03:36   0.4   2.5  0.22   6.7  25.0   22:20     E
12  66.5  77.8   18:45  58.8   23:58   1.9   3.4  0.81   6.9  31.0   06:55   NNE
13  59.7  65.7   18:11  55.2   23:56   5.3   0.0  0.00  11.4  35.0   06:48    NW
14  62.5  76.1   18:25  49.8   07:16   5.3   2.9  0.00   4.2  16.0   16:00   SSW
15  63.3  71.9   18:20  58.7   06:45   2.8   1.1  0.57   4.8  24.0   13:21   WSW
16  69.4  83.5   17:41  56.2   06:19   2.4   6.8  0.00   5.7  16.0   13:54   SSW
17  60.4  70.0   01:30  50.1   23:59   5.0   0.4  0.07   7.7  23.0   21:14    NW
18  59.1  73.7   18:23  44.2   05:43   7.8   1.9  0.00   5.7  22.0   14:50   SSW
19  71.6  85.8   17:02  57.7   06:41   1.5   8.2  0.00   6.7  26.0   02:09   SSE
20  68.3  77.0   16:16  56.2   07:23   1.3   4.6  0.00   6.4  19.0   08:04     N
21  64.8  76.8   16:59  53.1   05:37   3.7   3.4  0.00   3.7  13.0   02:50     E
22  65.9  78.6   15:12  52.7   05:36   3.6   4.5  0.00  10.7  26.0   13:04   ESE
23  67.8  76.0   15:30  60.5   04:17   1.3   4.1  0.00  12.5  28.0   15:27    SE
----------------------------------------------------------------------------------
    67.2  91.8     6    44.2    18    54.0 105.0  2.78   6.7  35.0    13     ESE

Max >=  80.0  9
Max <=  32.0  0
Min <=  32.0  0
Min <=   0.0  0
Max Rain: 0.81 on day 12
Days of Rain: 9 (>= 0.01 in)  5 (>= 0.10 in)  0 (>= 1.00 in)
Heat Base: 65.0  Cool Base: 65.0  Method: Integration