NOAA-Style Climate Reports


Report for 2020 January
                   Monthly Climatological Summary for Jan 2020

Name: Bismarckweather.net   City: Bismarck   State: ND
Elevation: 1913 ft  Lat: N 46 54 06   Lon: W 100 47 03

                  Temperature (°F), Rain (in), Wind Speed (mph)

                                      Heat  Cool        Avg
    Mean                              Deg   Deg         Wind                 Dom
Day Temp  High   Time   Low    Time   Days  Days  Rain  Speed High   Time    Dir
----------------------------------------------------------------------------------
01  34.5  39.1   13:18  26.9   00:09  30.5   0.0  0.04   7.0  21.0   21:38     W
02  31.8  35.1   14:17  28.6   06:57  33.2   0.0  0.00   5.5  21.0   04:07   WNW
03  23.0  31.8   00:00  11.0   23:51  42.0   0.0  0.00   9.6  31.0   03:51   WNW
04  26.6  43.3   20:53  11.1   00:00  38.4   0.0  0.00   7.9  35.0   23:43   SSE
05  31.2  39.7   00:08  24.4   23:44  33.8   0.0  0.00  14.9  49.0   02:28     W
06  24.4  35.4   13:22  16.7   23:31  40.6   0.0  0.00   8.9  42.0   14:18     W
07  12.8  22.8   05:13   0.2   23:11  52.2   0.0  0.00   5.5  19.0   06:38   NNW
08   8.9  14.2   23:59   0.1   00:02  56.1   0.0  0.00  14.5  39.0   15:31    SE
09  13.0  22.4   08:06   4.7   23:10  52.0   0.0  0.00  10.9  32.0   11:48   WNW
10  -1.3   5.6   00:04  -5.3   23:55  67.1   0.0  0.00   9.0  24.0   02:53   WNW
11   1.4  10.4   16:39  -7.5   03:53  63.6   0.0  0.00  12.8  30.0   11:26    SE
12  10.6  14.5   17:45   7.3   08:19  54.4   0.0  0.00   9.7  21.0   01:02    SE
13  11.3  18.9   13:45   2.0   23:59  53.7   0.0  0.00   6.2  22.0   23:40     N
14  -6.8   2.0   00:00 -12.0   09:14  71.8   0.0  0.00   8.8  26.0   01:21    NW
15 -11.9  -7.2   00:00 -16.9   22:17  76.9   0.0  0.00   5.1  22.0   11:38    NW
16  -9.8   4.8   23:44 -19.7   04:17  75.4   0.0  0.00   8.7  31.0   17:31   ESE
17  13.0  26.8   14:10  -1.5   22:01  52.0   0.0  0.00  15.4  44.0   22:23    SE
18  -6.1   0.9   01:21 -10.1   08:35  71.1   0.0  0.00  21.3  46.0   02:01   WNW
----------------------------------------------------------------------------------
    11.5  43.3     4   -19.7    16   964.8   0.0  0.04  10.1  49.0     5       W

Max >=  80.0  0
Max <=  32.0 13
Min <=  32.0 18
Min <=   0.0  7
Max Rain: 0.04 on day 1
Days of Rain: 1 (>= 0.01 in)  0 (>= 0.10 in)  0 (>= 1.00 in)
Heat Base: 65.0  Cool Base: 65.0  Method: Integration