NOAA-Style Climate Reports


Report for 2021 July
                   Monthly Climatological Summary for Jul 2021

Name: Bismarckweather.net   City: Bismarck   State: ND
Elevation: 1913 ft  Lat: N 46° 54' 06"   Lon: W 100° 47' 03"

                  Temperature (°F), Rain (in), Wind Speed (mph)

                                      Heat  Cool        Avg
    Mean                              Deg   Deg         Wind                 Dom
Day Temp  High   Time   Low    Time   Days  Days  Rain  Speed High   Time    Dir
----------------------------------------------------------------------------------
01  79.5  93.2   17:50  64.0   06:00   0.0  14.6  0.00   7.9  20.0   14:40   ESE
02  81.6  94.2   16:00  67.9   06:30   0.0  16.6  0.00  10.6  30.0   16:40    SE
03  84.7 102.4   17:08  66.7   07:30   0.0  19.7  0.08  11.3  37.0   07:10   SSE
04  81.4  93.0   18:03  69.7   06:05   0.0  16.4  0.00   9.8  31.0   11:39   NNW
05  76.1  92.9   15:49  66.8   22:52   0.0  11.1  0.43   7.1  20.0   15:17   ESE
06  64.0  68.1   00:08  59.0   23:57   1.7   0.7  0.00   8.1  24.0   10:02    NE
07  62.6  73.1   18:36  55.4   05:45   4.0   1.7  0.00   6.0  15.0   00:36     E
08  70.9  82.5   15:28  62.5   06:15   0.4   6.3  0.20   9.7  25.0   11:49    SE
09  68.0  77.4   18:26  62.1   07:21   0.7   3.7  0.37   6.5  21.0   00:58     E
10  75.0  87.7   16:43  61.7   06:12   0.4  10.5  0.00   4.9  18.0   15:10     N
11  75.4  88.3   16:27  60.7   06:12   0.6  11.0  0.00   7.3  24.0   19:15    SE
12  74.7  85.4   16:11  64.9   05:40   0.0   9.7  0.00  11.2  28.0   13:55   WNW
13  71.5  85.9   16:33  55.1   06:07   1.9   8.5  0.00   4.0  15.0   19:25   NNE
14  73.6  85.5   16:12  64.7   06:34   0.0   8.6  0.00   5.0  18.0   19:01   ESE
15  74.9  88.9   16:34  59.6   06:03   0.9  10.8  0.00   8.7  26.0   12:49   SSE
16  76.1  88.8   16:57  65.4   06:47   0.0  11.2  0.00  12.7  33.0   16:25    SE
17  78.9  92.3   15:46  65.2   06:36   0.0  13.9  0.00  10.8  25.0   16:00    SE
18  81.7  95.9   16:34  67.0   06:52   0.0  16.7  0.00   8.6  22.0   15:07    SE
19  83.7  98.7   16:26  70.3   06:01   0.0  18.7  0.00   7.4  25.0   16:57   SSE
20  79.8  94.7   16:09  64.8   06:32   0.0  14.8  0.00  11.9  30.0   16:09    SE
21  80.7  94.0   16:17  70.2   06:44   0.0  15.7  0.01  10.4  37.0   00:44   SSE
22  80.1 100.9   17:04  65.1   06:49   0.0  15.1  0.03   4.9  39.0   19:54    NW
23  80.3  96.5   17:22  67.6   04:35   0.0  15.3  0.00   5.3  23.0   19:31    NW
24  75.0  89.7   15:35  56.6   07:03   1.3  11.3  0.00   6.3  26.0   13:30    NW
25  78.9  96.1   16:26  60.0   06:15   0.7  14.6  0.00   5.2  17.0   22:34   ESE
26  82.2  99.0   15:34  65.0   06:54   0.0  17.2  0.00   8.0  22.0   05:58     E
27  78.2  88.1   13:40  64.6   07:16   0.0  13.2  0.00   9.7  22.0   12:38     E
28  78.7  89.9   14:43  69.0   06:37   0.0  13.7  0.00   9.2  26.0   10:28     N
29  71.4  80.9   13:04  61.0   07:38   0.2   6.7  0.00   5.8  15.0   16:36    SE
----------------------------------------------------------------------------------
    76.5 102.4     3    55.1    13    12.8 348.0  1.12   8.1  39.0    22     ESE

Max >=  80.0 26
Max <=  32.0  0
Min <=  32.0  0
Min <=   0.0  0
Max Rain: 0.43 on day 5
Days of Rain: 6 (>= 0.01 in)  3 (>= 0.10 in)  0 (>= 1.00 in)
Heat Base: 65.0  Cool Base: 65.0  Method: Integration