NOAA-Style Climate Reports


Report for 2021 April
                   Monthly Climatological Summary for Apr 2021

Name: Bismarckweather.net   City: Bismarck   State: ND
Elevation: 1913 ft  Lat: N 46° 54' 06"   Lon: W 100° 47' 03"

                  Temperature (°F), Rain (in), Wind Speed (mph)

                                      Heat  Cool        Avg
    Mean                              Deg   Deg         Wind                 Dom
Day Temp  High   Time   Low    Time   Days  Days  Rain  Speed High   Time    Dir
----------------------------------------------------------------------------------
01  41.3  65.4   16:58  19.5   05:49  23.6   0.0  0.00  10.3  32.0   14:52   SSE
02  52.3  70.8   16:19  32.2   07:12  13.9   1.1  0.00  11.1  36.0   16:46   NNW
03  56.2  78.5   15:59  36.2   05:34  11.4   2.5  0.00   9.3  33.0   12:47   SSE
04  54.3  72.1   16:20  33.8   07:43  11.7   1.0  0.00   9.5  33.0   18:42     E
05  51.5  67.0   13:41  38.0   07:43  13.5   0.0  0.00  12.5  34.0   13:48     N
06  44.8  54.6   16:37  34.1   04:31  20.2   0.0  0.00   8.3  23.0   13:38    NE
07  46.4  62.2   16:43  28.3   06:07  18.6   0.0  0.00   7.8  26.0   14:50     N
08  49.0  68.9   16:17  26.9   08:00  16.4   0.4  0.00   6.4  20.0   14:53     N
09  44.5  55.9   17:48  34.5   03:47  20.5   0.0  0.00  15.1  39.0   09:43    NW
10  48.0  67.9   17:29  26.1   07:10  17.2   0.3  0.00   6.5  24.0   15:31   SSE
11  40.3  47.8   00:00  34.7   23:58  24.7   0.0  0.24  13.9  37.0   19:10   WNW
12  30.5  34.8   00:00  22.4   23:57  34.5   0.0  0.02  16.7  35.0   15:30    NW
----------------------------------------------------------------------------------
    46.6  78.5     3    19.5     1   226.2   5.3  0.26  10.6  39.0     9     NNW

Max >=  80.0  0
Max <=  32.0  0
Min <=  32.0  5
Min <=   0.0  0
Max Rain: 0.24 on day 11
Days of Rain: 2 (>= 0.01 in)  1 (>= 0.10 in)  0 (>= 1.00 in)
Heat Base: 65.0  Cool Base: 65.0  Method: Integration