NOAA-Style Climate Reports


Report for 2020 September
                   Monthly Climatological Summary for Sep 2020

Name: Bismarckweather.net   City: Bismarck   State: ND
Elevation: 1913 ft  Lat: N 46° 54' 06"   Lon: W 100° 47' 03"

                  Temperature (°F), Rain (in), Wind Speed (mph)

                                      Heat  Cool        Avg
    Mean                              Deg   Deg         Wind                 Dom
Day Temp  High   Time   Low    Time   Days  Days  Rain  Speed High   Time    Dir
----------------------------------------------------------------------------------
01  66.8  79.7   15:07  56.4   02:36   2.9   4.7  0.00  14.9  49.0   18:23   WSW
02  67.9  90.0   16:53  51.3   05:41   4.3   7.2  0.00  11.0  51.0   21:40     W
03  59.5  71.2   17:06  48.3   06:51   6.7   1.1  0.00  13.1  35.0   15:37   WNW
04  62.4  77.1   16:04  47.7   07:15   6.0   3.4  0.00   7.0  26.0   15:23   WNW
05  68.1  85.6   16:21  50.2   07:11   4.3   7.4  0.00   8.4  27.0   13:44    SE
06  63.7  72.4   12:50  55.2   23:59   2.6   1.4  0.00  11.5  36.0   11:28    NW
07  47.4  55.3   00:00  39.3   22:10  17.6   0.0  0.41   6.3  25.0   15:44     N
08  41.1  52.5   19:02  30.6   06:52  23.9   0.0  0.00   5.6  18.0   11:25   NNW
09  45.7  61.5   17:34  30.7   07:16  19.4   0.0  0.00   5.4  23.0   15:43     S
10  54.2  70.5   17:21  36.7   07:33  11.9   1.0  0.00   5.4  18.0   12:39   SSE
11  51.0  59.8   14:43  39.7   06:51  14.0   0.0  0.00   8.5  22.0   14:59    SE
12  62.1  79.3   17:50  49.1   07:11   6.5   3.6  0.00   3.7  15.0   13:55    SW
13  57.0  66.5   16:24  48.9   05:58   8.1   0.1  0.00   8.3  24.0   08:14    NE
14  58.3  75.7   17:50  42.4   05:36   8.9   2.2  0.00   7.6  21.0   11:07    SE
15  60.1  70.3   16:16  51.8   23:59   5.6   0.7  0.00   5.8  17.0   06:21    NW
16  52.6  62.4   17:30  43.6   07:55  12.4   0.0  0.00   5.7  19.0   10:16   NNW
17  55.4  68.9   15:23  45.4   02:45   9.9   0.4  0.00   5.0  15.0   15:22     E
18  56.5  71.7   16:18  42.3   07:51   9.8   1.3  0.00   8.8  27.0   14:03    SE
----------------------------------------------------------------------------------
    57.2  90.0     2    30.6     8   174.8  34.5  0.41   7.9  51.0     2       W

Max >=  80.0  2
Max <=  32.0  0
Min <=  32.0  2
Min <=   0.0  0
Max Rain: 0.41 on day 7
Days of Rain: 1 (>= 0.01 in)  1 (>= 0.10 in)  0 (>= 1.00 in)
Heat Base: 65.0  Cool Base: 65.0  Method: Integration