NOAA-Style Climate Reports


Report for 2018 December
                   Monthly Climatological Summary for Dec 2018

Name: Bismarckweather.net   City: Bismarck   State: ND
Elevation: 1913 ft  Lat: N 46 54 06   Lon: W 100 47 03

                  Temperature (°F), Rain (in), Wind Speed (mph)

                                      Heat  Cool        Avg
    Mean                              Deg   Deg         Wind                 Dom
Day Temp  High   Time   Low    Time   Days  Days  Rain  Speed High   Time    Dir
----------------------------------------------------------------------------------
01  27.6  31.7   01:27  20.6   23:57  37.4   0.0  0.00   2.1  10.0   01:52     E
02  21.0  26.1   13:02  17.4   08:06  44.0   0.0  0.00   0.4   5.0   20:00   NNE
03  26.3  30.9   15:56  21.5   00:00  38.7   0.0  0.00   2.0  13.0   23:59     W
04  27.0  34.8   13:59  16.0   23:06  38.0   0.0  0.00   8.1  27.0   15:18     W
05  19.5  24.5   15:56  14.3   02:36  45.5   0.0  0.00   7.2  23.0   21:34    NW
06  15.7  18.7   19:12  13.2   08:54  49.3   0.0  0.00   5.5  16.0   00:03     W
07  15.8  27.3   15:26   8.8   05:53  49.2   0.0  0.00   5.2  12.0   03:36   SSW
08  18.5  29.8   16:32  12.4   05:29  46.5   0.0  0.00   5.5  18.0   04:41    SE
09  19.5  33.0   16:15   8.8   08:41  45.5   0.0  0.00   5.1  12.0   05:32     W
----------------------------------------------------------------------------------
    21.2  34.8     4     8.8     7   394.1   0.0  0.00   4.6  27.0     4       W

Max >=  80.0  0
Max <=  32.0  7
Min <=  32.0  9
Min <=   0.0  0
Max Rain: 0.00 on day 0
Days of Rain: 0 (>= 0.01 in)  0 (>= 0.10 in)  0 (>= 1.00 in)
Heat Base: 65.0  Cool Base: 65.0  Method: Integration