NOAA-Style Climate Reports


Report for 2020 July
                   Monthly Climatological Summary for Jul 2020

Name: Bismarckweather.net   City: Bismarck   State: ND
Elevation: 1913 ft  Lat: N 46° 54' 06"   Lon: W 100° 47' 03"

                  Temperature (°F), Rain (in), Wind Speed (mph)

                                      Heat  Cool        Avg
    Mean                              Deg   Deg         Wind                 Dom
Day Temp  High   Time   Low    Time   Days  Days  Rain  Speed High   Time    Dir
----------------------------------------------------------------------------------
01  70.2  83.6   18:14  56.0   05:50   2.4   7.5  0.00   5.9  19.0   14:03     S
02  76.5  88.7   17:09  66.0   03:50   0.0  11.5  0.00  11.1  35.0   17:44    SE
03  75.4  87.5   16:29  61.9   06:21   0.3  10.7  0.00   4.9  18.0   10:14   ESE
04  78.6  91.0   17:54  67.6   07:43   0.0  13.6  0.01   7.7  38.0   06:24   SSE
05  73.6  86.4   16:31  65.1   04:20   0.0   8.6  0.37   5.8  40.0   02:35    NW
06  73.8  83.9   15:35  64.6   06:26   0.0   8.8  0.00   5.0  18.0   08:42   NNE
07  74.4  84.6   16:37  61.8   23:59   0.2   9.5  0.37   9.7  54.0   23:38   ESE
08  69.3  81.3   19:46  58.5   06:49   1.9   6.2  0.42   5.9  34.0   00:17   WNW
09  67.7  76.9   16:43  58.0   04:36   1.2   3.9  0.00  11.1  32.0   10:55     W
10  67.8  78.9   16:35  55.7   05:41   2.4   5.2  0.00   3.5  20.0   19:36     E
11  67.4  79.4   19:08  54.9   06:37   1.8   4.2  0.00   8.1  30.0   11:34    NW
12  71.6  83.4   16:06  56.8   06:24   1.5   8.2  0.00   7.7  28.0   18:26    SE
13  72.3  82.8   15:59  63.3   23:51   0.1   7.4  0.00   9.5  34.0   18:08    NW
----------------------------------------------------------------------------------
    72.2  91.0     4    54.9    11    11.8 105.3  1.17   7.4  54.0     7       S

Max >=  80.0 10
Max <=  32.0  0
Min <=  32.0  0
Min <=   0.0  0
Max Rain: 0.42 on day 8
Days of Rain: 4 (>= 0.01 in)  3 (>= 0.10 in)  0 (>= 1.00 in)
Heat Base: 65.0  Cool Base: 65.0  Method: Integration