NOAA-Style Climate Reports


Report for 2018 October
                   Monthly Climatological Summary for Oct 2018

Name: Bismarckweather.net   City: Bismarck   State: ND
Elevation: 1913 ft  Lat: N 46 54 06   Lon: W 100 47 03

                  Temperature (°F), Rain (in), Wind Speed (mph)

                                      Heat  Cool        Avg
    Mean                              Deg   Deg         Wind                 Dom
Day Temp  High   Time   Low    Time   Days  Days  Rain  Speed High   Time    Dir
----------------------------------------------------------------------------------
01  42.9  49.2   15:02  36.6   00:22  22.0   0.0  0.00   9.7  21.0   11:08    SE
02  48.6  62.4   13:49  40.2   07:52  16.4   0.0  0.09   7.8  19.0   14:57    SE
03  41.9  51.5   00:40  29.5   23:43  23.1   0.0  0.16  11.6  40.0   11:19    NW
04  31.8  39.6   15:17  24.4   06:17  33.2   0.0  0.00   7.8  27.0   15:56   ESE
05  34.3  37.2   17:35  33.0   00:00  30.7   0.0  0.60   6.0  22.0   00:10     E
06  34.6  38.3   17:13  32.4   03:25  30.4   0.0  0.13   4.5  13.0   15:56     E
07  34.5  37.0   16:10  33.3   09:27  30.5   0.0  0.03   4.4  14.0   02:11     E
08  37.0  41.0   14:59  34.2   04:06  28.0   0.0  0.08   5.4  14.0   10:30   NNE
09  36.8  39.6   14:39  34.0   07:43  28.2   0.0  0.15   9.8  32.0   22:58   NNE
10  32.6  37.6   14:25  29.7   23:55  32.4   0.0  0.00  15.8  32.0   12:34   NNW
11  32.8  42.5   17:05  27.4   08:03  32.1   0.0  0.00   7.4  22.0   00:14   WNW
12  41.0  51.7   17:34  29.3   01:14  24.0   0.0  0.00   5.9  22.0   14:38     S
13  38.6  51.0   02:39  29.4   23:02  26.4   0.0  0.00  16.1  36.0   06:39   WNW
14  29.0  31.6   11:45  21.4   23:22  36.0   0.0  0.00  12.2  29.0   09:00   WNW
15  37.0  58.5   17:16  18.7   04:21  28.0   0.0  0.00   8.7  30.0   17:26   WSW
16  45.3  54.5   15:53  35.5   23:28  19.7   0.0  0.00   9.4  35.0   14:28    NW
17  46.3  62.9   16:57  32.4   08:18  18.7   0.0  0.00   5.9  15.0   15:35    SE
18  54.4  71.4   15:35  39.3   08:06  11.7   1.1  0.00   5.7  19.0   16:02   SSE
19  50.0  57.4   15:07  39.5   23:26  15.0   0.0  0.00  13.2  37.0   13:01   WNW
20  36.6  46.0   17:11  23.7   08:17  28.5   0.0  0.00   7.0  18.0   00:58   NNW
----------------------------------------------------------------------------------
    39.3  71.4    18    18.7    15   515.0   1.1  1.24   8.7  40.0     3      NW

Max >=  80.0  0
Max <=  32.0  1
Min <=  32.0  9
Min <=   0.0  0
Max Rain: 0.60 on day 5
Days of Rain: 7 (>= 0.01 in)  4 (>= 0.10 in)  0 (>= 1.00 in)
Heat Base: 65.0  Cool Base: 65.0  Method: Integration